a prime number?
False
Is (2 - 3865964)*12*(-4)/288 a prime number?
True
Let v be -59*(3 + 1 + -7 - -4). Suppose -5*n - 1890 = -0*n. Let c = v - n. Is c a prime number?
False
Suppose 50*h - 3178295 = -992745. Is h prime?
True
Let n(q) = 2*q**3 - 23*q**2 + 173*q - 223. Is n(20) a prime number?
True
Is 172604/10*(64/16 + 1) a prime number?
False
Let b(q) = 2*q. Let r be b(-3). Let h be ((-9564)/9)/(-2) - (-2)/r. Suppose -2*c - h = -p, -4*c + 2730 = 5*p + c. Is p a composite number?
False
Suppose -205233 = -18*p + 254397. Is p a prime number?
False
Is (0 - -2)*(553610/20 + 10) prime?
True
Suppose -2*r = -3*d + 72579, 1319 = -d + 4*r + 25522. Is d a composite number?
True
Let f be ((-26)/(-91))/(1/7). Let g(m) = -7*m**f + 7 + 2*m**3 - 13*m + 13*m**2 - 4*m**2 - 3*m**3. Is g(-6) a prime number?
True
Suppose 5*x + 85 = 5*n, n = -x - 4*x + 5. Suppose n*u - 33425 = -8330. Is u prime?
False
Let a = 90098 - 30575. Is a prime?
False
Let c(j) = -3*j**3 + 9*j**2 + 6*j - 6. Let u be c(3). Let z(o) = 2*o**3 - 9*o**2 + 2*o + 83. Is z(u) composite?
False
Let w = -115123 + 538820. Is w a prime number?
True
Let a = 164 - 172. Is 6/(-12) + (-5996)/a composite?
True
Is (454268/6)/((-268)/(-402)) a composite number?
False
Let p = -225 + 243. Is p/((-6)/2) + 7505 composite?
False
Suppose 29*q - 6*q + 1406177 = 64*q. Is q a composite number?
False
Let s(g) = -176*g**3 - g**2 - 3*g - 2. Let u be s(-1). Let t be (u/(-6) - -1)/((-8)/168). Suppose 2*n - 782 = 3*h, -n - 204 + t = 5*h. Is n composite?
True
Suppose -208263 - 94635 = -2*j + 2*i, -2 = -i. Is j a composite number?
False
Let u = -355 - -1740. Is u a prime number?
False
Suppose 13*t - 4 = 9*t. Let n(j) = 4 + 14*j + 3*j**2 - t - 13*j. Is n(-10) prime?
True
Let x(l) = -654*l**3 + 2*l**2 - 88*l - 473. Is x(-7) a composite number?
False
Let f(p) = 43*p**2 + p - p + 10*p - 10 - 3*p + 13. Is f(3) a prime number?
False
Let o(j) = 58*j**2 - 60*j - 669. Is o(-10) a composite number?
True
Let g = 34880 + -19964. Suppose -4*y + 16 = 0, -4*t = y - g + 3844. Is t a prime number?
True
Let r = 7402778 - 4500733. Is r prime?
False
Suppose 4*a = -5*q + 5*a - 912, -4*q - 735 = a. Let o = 176 - q. Is o prime?
True
Let d(m) = -24531*m - 3191. Is d(-4) a prime number?
True
Suppose 19 - 29 = 2*r. Let l(y) = y**3 - 2*y**2 - 4*y + 5. Let t be l(r). Let i = t - -421. Is i composite?
False
Suppose 0 = 785*d - 770*d - 118995. Is d prime?
True
Is 819734/12*1 - 12*(-23)/(-1656) a composite number?
False
Let m = -1534 - -1540. Let z(s) = 11*s**3 + 25*s**2 - 10*s + 41. Let l(w) = -6*w**3 - 13*w**2 + 5*w - 21. Let o(j) = 7*l(j) + 4*z(j). Is o(m) prime?
True
Let a = -52368 - -102045. Is (-26)/39 - (0 - a/9) a prime number?
True
Let t(s) = -2*s**2 + 3*s + 8 + 3*s**2 + 2*s**3 - 6*s - 8*s - s**3. Suppose -q + 36 = 3*q. Is t(q) prime?
True
Let h(z) be the third derivative of 41*z**6/360 + 7*z**5/24 + 13*z**4/8 + 16*z**2. Let b(v) be the second derivative of h(v). Is b(13) prime?
False
Let g(d) = 53*d**2 - 185*d + 41. Is g(30) composite?
True
Let d(n) = -n**3 - n**2 - 11*n - 5. Let o be d(-4). Let b be -27*(1 + o/9). Let j = b + 754. Is j prime?
False
Suppose -2*p - 3*a = -6*p + 165623, p + a - 41404 = 0. Suppose 0 = -11*l + 8766 + p. Is l a prime number?
True
Suppose 15 = -2*z + 5. Let f(k) = 3 + 2 + 0 + 39*k**2 - 8*k - 2. Is f(z) a composite number?
True
Let a be (9 + -5)*59/4. Let f = a - 57. Suppose -1753 = -4*b - i, -2*i - 2*i - 854 = -f*b. Is b composite?
True
Let w = 1923 - -1031. Let s = w - 1051. Is s a prime number?
False
Let i be (2 - (-35)/(-14))/(1/116474). Let h = i - -126278. Is h prime?
True
Let g(t) = 2412*t - 8. Let b(p) = -4824*p + 15. Let k(s) = -3*b(s) - 7*g(s). Is k(-3) a prime number?
True
Let p be (-3*-32*1)/(-1). Let k = p - -96. Suppose -5*y + y + 1268 = k. Is y prime?
True
Is -5*(0 + (3 + -5)*1659969/90) a composite number?
False
Suppose 435 = u + 436. Is ((-4)/(-10) + 77757/(-5))*u a composite number?
False
Suppose 87*g + 4 = 88*g, -2*g + 777193 = 5*i. Is i prime?
False
Suppose 194 = 6*i + 152. Suppose j = 4*w + 319, i*j - w = 6*j + 310. Is j prime?
True
Let g(c) = -180*c + 77. Let x be g(-8). Suppose -23*b + 20*b - 5*s = -x, b = 2*s + 491. Is b composite?
False
Let u be ((-16)/(-12))/((-2)/(-9)). Suppose -2*a + u - 2 = 0, 5*w - 16 = -3*a. Suppose 0 = -k - 2*n + 651, -w*k + 2*n - n + 1292 = 0. Is k a prime number?
True
Let c(y) = -y**3 + 8*y**2 - 9*y + 17. Let t be c(7). Suppose t*k = 936 + 687. Is k a prime number?
True
Let l = 113 - 133. Let d = -24 - l. Is (8/(-12))/(d/14754) composite?
False
Is (4039507 - -3) + (2 - 0 - 7) composite?
True
Let i = -593 + 606. Let k(o) = o**2 + 5*o. Let w be k(-5). Let u = i + w. Is u prime?
True
Is (502439/(-4) - 12)*4/(-1) prime?
True
Let o(a) = -3667*a**3 - 2*a**2 + a + 1. Let s(f) = 3*f + 50. Let v be s(-17). Is o(v) a prime number?
False
Is 2*(24/(-16)*-37777 + -2) a composite number?
False
Suppose -4 = 10*x - 144. Suppose a + 18 = x. Is a/22 - 2886/(-22) a prime number?
True
Suppose 0 = 33*h + 20*h - 4025933. Is h composite?
True
Suppose -20 + 2 = 3*o. Let z be (-1)/(-3)*(9 + o) - -4. Suppose 5*k + 3250 = a + 4*a, -z*a = 2*k - 3243. Is a a composite number?
True
Suppose -528*m - 28512 = -2*d - 533*m, 3*d - 3*m - 42747 = 0. Is d a prime number?
True
Suppose 0 = -2*f - j + 11, 3*f - 16 = 60*j - 61*j. Suppose -17857 - 39285 = -f*i - 3*w, -22856 = -2*i - 2*w. Is i prime?
False
Let i(a) = -269*a**3 + a**2 - 22*a - 29. Is i(-4) a composite number?
False
Let u(y) = -y**3 + 13*y**2 + 8*y - 11. Let r be u(8). Let z = 746 - r. Is z prime?
True
Let t(g) be the third derivative of 11*g**2 + 1/12*g**5 + 7/24*g**4 + 0*g - 43/6*g**3 + 0. Is t(18) a composite number?
True
Suppose -4*j = 4*t - 124044, -303*j - 124050 = -307*j - t. Is j composite?
False
Suppose -90*s + 27720125 = -32315331 + 8278526. Is s prime?
True
Let k(a) = -a**2 - 30*a + 16691. Is k(0) composite?
False
Let h = 835569 + -545462. Is h prime?
True
Suppose -14*v = 1389707 - 8337249. Is v a prime number?
False
Let s be (23/69)/(-3 + (-1029)/(-342)). Suppose 46*w - 58904 = s*w. Is w a composite number?
True
Suppose -5*r + 14198 = h - 3833, 4*h - 72158 = -3*r. Is h a composite number?
False
Let u = 141120 - -12871. Is u composite?
False
Let u(y) = y**3 + y**2 - 1. Let i(t) = -t**3 + t + 2. Let r(z) = -i(z) - 2*u(z). Let n be r(-4). Suppose 3*g - 83 = -2*d - 9, g - n = 5*d. Is g composite?
True
Suppose 0 = 214*k - 151*k - 923139. Is k composite?
False
Let a(j) = 6487*j**2 - 131*j - 417. Is a(-11) a prime number?
True
Let x(l) = -19*l**3 + 2*l**2 - 10*l - 57. Let t be x(-8). Suppose a + t = 3*a - 5*o, 5*a - o - 24686 = 0. Is a a composite number?
False
Suppose -3*n - 3*t = -0*t + 189255, -4*t - 189250 = 3*n. Is n/(-16) - 50/400 a prime number?
True
Suppose 26*c - 3525232 = -4*h + 22*c, -2*h = 4*c - 1762610. Is h composite?
False
Suppose 24*j - 1345613 = 22*j - 57*j. Is j prime?
True
Suppose 168*w = 26805427 + 30115157. Is w a prime number?
False
Suppose r = -3*q + 258971, -2 = -313*r + 312*r. Is q composite?
False
Let y(u) = u - 5*u**2 + 2 - 11*u**3 + 2 - 4*u + 6*u**2. Let c(o) = 4*o - 19. Let k be c(4). Is y(k) prime?
False
Suppose 3*z - 2*i - 21 = -0*z, -4*z + 3*i + 27 = 0. Let u(j) = 6*j - 46. Let l be u(z). Let q(n) = n**3 - n**2 - 5*n + 11. Is q(l) prime?
True
Suppose -222*i - x = -218*i - 343552, 5*i = -4*x + 429429. Is i a composite number?
False
Suppose -1354*g + 373130 = 1357*g - 2709*g. Is g composite?
True
Let c(g) = 20*g**2 + 40*g + 1. Suppose -13*o = 68 + 140. Is c(o) a composite number?
False
Suppose 0 = -94*i + 21977015 + 98940731. Is i a composite number?
False
Suppose 5*k - 28054 = -a, -19*a = -14*a + 2*k - 140201. Is a prime?
False
Suppose 5*d - 980 = 10*d. Let o = d - -341. Suppose -2*a + 837 + o = 0. Is a prime?
True
Is ((-2318868)/20 + -2)/(((-12)/5)/12) a composite number?
True
Let u = -71 - -72. Let z(c) = 898*c**3 + 2*c**2 - 1. Is z(u) a prime number?
False
Suppose -6*x = -0*x - 30. Suppose -5*m = o - 62187, 0 = -3*m + x*o + 53868 - 16567. Is m prime?
True
Is ((-152)/380)/((2/20)/((-55922)/8)) a prime number?
True
Let d be (2 + 1)/((-17)/(-51)). Suppose 0 = 28*o - d*o - 16891. Is o a prime number?
False
Let p = -1768 + 4514. Let h(c) = c**2 - 64*c - 130. Let b be h(66). Is (-1)/(0 - b/p) a prime number?
True
